 = -4*w + 3*w. List the prime factors of w.
2, 5
Let g = 126 + 37. What are the prime factors of g?
163
Let a(k) = 18*k**2 + k - 1. Let p be a(2). Suppose 13 = -4*j + p. What are the prime factors of j?
3, 5
Suppose 19 = -b + 87. List the prime factors of b.
2, 17
Let l = -7 - -11. Suppose -14 - l = -3*u. What are the prime factors of u?
2, 3
Let u = -7 + 8. Let y be (12/u)/((-6)/(-9)). Suppose -30 = -4*d + y. What are the prime factors of d?
2, 3
Let w(g) = -g**2 - 2*g. Let m be w(-2). Suppose m = d + 4*d - 150. What are the prime factors of d?
2, 3, 5
Let l(b) = -b**2 - 7*b - 14. Let j be l(-6). Suppose 2 = 5*v + 3*c - 8, v - 10 = c. List the prime factors of j/4 + -1 + v.
2
Let k = -354 - -497. List the prime factors of k.
11, 13
List the prime factors of (-210)/(-9) + (-2)/6.
23
Let s = -4 + 4. Suppose -4*c = -3*i + 4*i - 31, s = 2*c + 4*i + 2. Suppose -g + c = 1. What are the prime factors of g?
2
Suppose -791 = -5*a + 2*g, -2*g = a + 3*a - 622. What are the prime factors of a?
157
Let j = 259 + -131. List the prime factors of j.
2
Let s(q) = -29*q - 13. What are the prime factors of s(-4)?
103
Suppose 2*o = 4*p + 4*o - 274, 3*p - 218 = o. Let l = p + -36. What are the prime factors of l?
5, 7
Suppose v - 68 = 5*x + 144, x - 5*v + 28 = 0. Let g = x + 64. List the prime factors of g.
3, 7
Let v = -1 - -3. Suppose 0*j - j = -v. List the prime factors of 4/j + 1 + 2.
5
Suppose z = 1 + 1. What are the prime factors of ((-30)/9)/(z/(-3))?
5
Let b = 7 + -4. Suppose s + 14 = b*s. What are the prime factors of s?
7
Suppose -211 = -2*o - 5*x, -29 = -4*x - 9. List the prime factors of o.
3, 31
Suppose -3*x - 3*w - 2*w = 25, x + w = -5. Suppose -3*y + 82 = -5*g, -3*g + x*g = -5*y + 110. List the prime factors of y.
19
Let l(h) = 6*h**2 + 10*h + 31. List the prime factors of l(-5).
131
Let g be (28/6)/((-14)/63). Let d = -11 - g. What are the prime factors of d?
2, 5
Let c be 16/(-6)*(-231)/(-14). Let k = c + 65. What are the prime factors of k?
3, 7
Let d(t) = -t**2 - 3*t - 4. Let q be d(-3). What are the prime factors of q*52/(-12)*3?
2, 13
What are the prime factors of (-6 - -16)*8/2?
2, 5
Let x(h) be the second derivative of -h**5/20 + 5*h**4/12 + h**3/3 - 3*h**2 - 2*h. Let g be x(5). Let l = g + 0. List the prime factors of l.
2
Suppose 2*l - 135 = -3*g - l, -170 = -4*g + l. What are the prime factors of g?
43
Let k(s) = s. Let h(t) = -4*t + 2. Let y = 4 + 1. Let z(g) = y*k(g) + h(g). What are the prime factors of z(7)?
3
Suppose 0*j + 5*q - 429 = -4*j, -2*j + 5*q + 237 = 0. List the prime factors of j.
3, 37
Let o(q) = -q**2 - 6*q - 5. Let b be o(-4). Suppose -b*a + 128 = a. Suppose -2*x + a = -0*x. List the prime factors of x.
2
Let i = 16 - 16. Suppose i = 3*f + 18 - 123. List the prime factors of f.
5, 7
Let f(a) = -2*a**3 - a**2 + 2*a - 1. Let t(i) = i - 1. Let q be t(-1). List the prime factors of f(q).
7
Let g be (-20)/70 + (-60)/(-14). Suppose p - 22 - g = 0. List the prime factors of p.
2, 13
Let w(z) = z + 0*z + z + 27. What are the prime factors of w(0)?
3
Let z(v) = 2*v**3 + 9*v**2 - 8*v - 4. Let d be z(-8). What are the prime factors of 9/12 - d/16?
5
Let o(l) = l**3 + 8*l**2 + 4. Let c = -8 + 0. What are the prime factors of o(c)?
2
Suppose -25 + 1 = -3*q. Let l = -8 + q. Let j(v) = -v + 11. List the prime factors of j(l).
11
Let r(i) = 11*i. Let q(j) = -6*j. Let y(b) = 5*q(b) + 2*r(b). List the prime factors of y(-2).
2
Let v = 25 - 20. Suppose 0*h = -h + v*j + 17, -2*h - 5*j + 94 = 0. What are the prime factors of h?
37
Suppose -27 = 5*c - 6*c. What are the prime factors of c?
3
Let s = 58 - -118. What are the prime factors of s?
2, 11
Suppose 4*r = c + 12, -4*r + c + 3 = -3*r. List the prime factors of (-3)/(r*(-2)/58).
29
Let c be 0 - 0 - (-5 - -6). Let p(q) = -11*q**3 - 2*q**2 - 2*q - 1. What are the prime factors of p(c)?
2, 5
Suppose -4*d - 11 - 4 = 3*j, 5*j + 25 = -5*d. Let u = d + -5. Let x(i) = -2*i - 2. List the prime factors of x(u).
2
Let b = 37 + 11. Let k = b - 8. List the prime factors of k.
2, 5
Let f(b) = -b - 1. Let p(t) = -2*t - 7. Let j(s) = -3*f(s) + p(s). What are the prime factors of j(8)?
2
Let b = 26 + -43. Let d = b + 26. List the prime factors of d.
3
Suppose -5*t = 4*c - 11, c + 5*t + 21 = 5*c. Let l(k) = -k**2 + k**3 - k**2 - 6 - 5*k + 3. What are the prime factors of l(c)?
3
Let g be (-1 + (2 - 1))/(-2). Suppose z = -2*r - 8, -2*r - 12 = -z - g. List the prime factors of (-1)/(87/45 - z).
3, 5
Let w = 197 + -116. List the prime factors of w.
3
Let q(u) be the second derivative of u**4/12 + 11*u**3/6 - 7*u**2 + 4*u. List the prime factors of q(-15).
2, 23
Suppose -3*q + 0 = -6. Suppose 3*j - 29 = q*u, 3*u + 4 = u - 2*j. Let b = 17 + u. List the prime factors of b.
2, 5
Suppose -2*k + x + 12 = 2*k, -2*x = -5*k + 18. Suppose 3 + 3 = k*m + f, 4*f - 8 = -4*m. List the prime factors of m.
2
Suppose 3*m - 21 = -4*d, -3*m + 8 = 3*d - 10. Suppose m*j + j = 36. What are the prime factors of j?
3
Let n = 6 + -6. Suppose n*m = 2*m - 10. List the prime factors of m.
5
Suppose 0 = 2*h - 5*x - 141, -x - 26 = -2*h + 119. List the prime factors of h.
73
Let h(x) = 33*x**2 + 3*x + 2. Let b be ((-5 - -2) + 5)/(-2). List the prime factors of h(b).
2
Let b = 3 + -7. List the prime factors of (-4)/(b/3) + 3.
2, 3
What are the prime factors of 5/(-55)*-1208 + 6/33?
2, 5, 11
List the prime factors of ((-1)/2)/(1/(-62)).
31
Let i(m) = -12*m**3 + m**2 + m + 1. Let d = -3 + 2. What are the prime factors of i(d)?
13
Suppose -2*y - 2 = 14. Suppose -6 = -4*d + d. Let u = d - y. List the prime factors of u.
2, 5
Suppose 4*u = 6*u - 180. What are the prime factors of u?
2, 3, 5
Let k(x) = 4*x - 3. Let h be k(2). Let w(z) = -7*z**2 + 9*z + 4. Let a(p) = 20*p**2 - 26*p - 12. Let i(b) = 6*a(b) + 17*w(b). List the prime factors of i(h).
2, 3
Let h be (-5)/4 + (-1)/(-4). Let j(b) = 21*b + 7. Let n(y) = 10*y + 3. Let u(k) = 6*j(k) - 14*n(k). List the prime factors of u(h).
2, 7
Let x(f) = f**2 - 2*f + 2. Suppose 3*s + 0*s = 0. Suppose 4*n - 5*n + 4 = s. What are the prime factors of x(n)?
2, 5
List the prime factors of (18 + 0)*-5*(-287)/70.
3, 41
Let o(x) = -x**2 + 4*x - 5*x - 6*x + 3. What are the prime factors of o(-7)?
3
Let v(l) = 5*l + 2. Let a be v(-4). Let n = 30 + a. List the prime factors of n.
2, 3
Suppose -2*r + 490 = 5*i + 3*r, r - 3 = 0. List the prime factors of i.
5, 19
Suppose d = u + 12, 3*u - 22 = -5*d + 70. Suppose 0 = 3*g + g - d. List the prime factors of g.
2
Suppose -2*i + 2*m - 5*m = 0, 4*i - 18 = 3*m. Suppose i*x - 36 = -x. Suppose 0*t - 39 = -4*h + 3*t, -2*h = -5*t - x. What are the prime factors of h?
2, 3
Let x = 4 + 0. Suppose 4*n + x*l = 156, -156 = -4*n + 6*l - 3*l. List the prime factors of n.
3, 13
Let p = 12 - 10. Suppose -65 = p*l - 4*l - 3*v, 2*l - 2*v - 40 = 0. What are the prime factors of l?
5
Suppose 0 = -2*k + 5*k - 111. Suppose k = 4*m - 3. What are the prime factors of m?
2, 5
Let w = 86 - 47. Suppose 12 - w = -i. What are the prime factors of i?
3
Suppose 4*l - 113 = 123. List the prime factors of l.
59
Let v(f) = -2*f**2 - f**3 + 2*f - f + 2 + 0*f**3 - 5. What are the prime factors of v(-3)?
3
Let x = -5 - -1. Let s = 4 + x. Suppose 5*l - 45 - 5 = s. What are the prime factors of l?
2, 5
Let j be -2*(-3)/6 - -2. Let s be 1/j + (-35)/(-3). Let q = s + -2. List the prime factors of q.
2, 5
Let b be (0 - 0)*(-1)/(-1). Let y be -3*(3 - 2) - b. Let p(q) = -2*q - 1. List the prime factors of p(y).
5
Let n(x) = -x - 5. Let s be n(-4). Let t(k) = 5*k**2 + 2*k + 1. List the prime factors of t(s).
2
Let w(o) = -o**3 - o**2 - 1. Let v = 3 - 2. Let f(q) = -3*q**3 + q**2 - 2*q + 2. Let a(u) = v*f(u) + 3*w(u). What are the prime factors of a(-1)?
5
Let i = 110 + -64. What are the prime factors of i?
2, 23
Let m(j) be the second derivative of 2*j**2 + 0 - j**3 + 1/12*j**4 + 2*j. What are the prime factors of m(6)?
2
Let v be (0 - -1)/(7/231). Suppose 0 = -w + 2*w + 4*a - v, -a + 24 = w. List the prime factors of w.
3, 7
Let h = -6 - -6. Suppose -k - 1 = h, 3*v + 3*k - 8 = 28. What are the prime factors of v?
13
Suppose 13*g = 4*g + 1269. List the prime factors of g.
3, 47
Suppose 2*i + 3 + 1 = -4*b, 0 = -2*b + i + 2. Suppose b = -5*k - 2*w + 7, -5*k + 33 = -3*w + 6. What are the prime factors of k?
3
Le